= 5*u - 21 - 4. Suppose 681 = u*y + 3*q + 56, 4*y - 502 = -2*q. Calculate the greatest common divisor of 8 and y.
8
Let b = -7 + 6. Let v be (1/6 + (-4)/6)*-28. Let f be b/(1/(-2)) + v. Calculate the highest common divisor of 8 and f.
8
Let g(n) = n + 11. Let k be g(-6). Suppose -4*f + 2*d = -332, -3*f = -k*f - 2*d + 154. What is the greatest common factor of 27 and f?
27
Let j(i) = -i**2 + 26*i + 51. Let c be j(26). Calculate the highest common divisor of 714 and c.
51
Let v(l) = 4*l + 8*l + 3*l - 18 - 17*l. Let q be v(-11). Let u(k) = -k**3 + 6*k**2 - 4*k - 2. Let t be u(q). What is the highest common factor of 7 and t?
7
Let p = -141 - -142. Let k be (p + -3)*123/(-6)*1. What is the highest common factor of 123 and k?
41
Suppose -5*s - 104 = 2*y - 29, -3*s - 73 = 2*y. Let f be (y*4)/(3/(-6)). What is the greatest common factor of 35 and f?
35
Suppose -743 = 8*p - 951. Calculate the greatest common factor of p and 13.
13
Let f = -34 - -3. Let a = 40 + f. What is the highest common factor of a and 36?
9
Suppose 0*a - 6 = -g + 4*a, -4*a - 94 = -5*g. Let n be 8/10*55/g. Suppose -5 = -5*j - 5*t, 2*j + 4*t = -t + 2. What is the highest common divisor of j and n?
1
Suppose -212*u - 16 = -213*u. What is the highest common divisor of u and 24?
8
Let y be 4/(-24) - 0 - 179/6. Let v = y - -48. What is the greatest common factor of 72 and v?
18
Let u = 0 + 2. Suppose 5*x - 63 = u. Suppose x = -0*o + 2*o - 5*k, 2*o = -3*k + 21. Calculate the greatest common divisor of 1 and o.
1
Suppose 2*u + 2121 = -3*l + 6354, -2*l + 2822 = -2*u. Calculate the highest common divisor of 83 and l.
83
Let t = -6 - -6. Let x be t + 4 + -7 + 12. What is the greatest common divisor of x and 81?
9
Let t = -36 - -51. Let v be t/6 - (-6)/(-4). Calculate the highest common divisor of 9 and v.
1
Let r = 622 + -550. Calculate the highest common divisor of r and 16.
8
Suppose 0 = -7*s - 25*s + 1856. Calculate the highest common factor of 58 and s.
58
Let f = 29 + -25. Suppose 0*v = f*v - 12. Suppose -i = v*i - 3*l - 37, 0 = 3*i - l - 29. Calculate the greatest common factor of i and 110.
10
Let d(w) = 7*w**3 + 2*w. Let p = 15 + -10. Let s be (-2)/3*(p - 8). Let a be d(s). Calculate the greatest common divisor of a and 20.
20
Let a(g) = -3*g**3 - 57*g**2 - 9*g - 24. Let i be a(-19). What is the highest common factor of i and 105?
21
Let k = 202 - -2. Suppose 3*d - d = k. Suppose 2*x = -3*y + 169, 0 = 2*y - 3*x - x - d. Calculate the highest common divisor of y and 11.
11
Let q be 1102 + (-10)/1*(-15)/30. Calculate the greatest common divisor of 246 and q.
123
Suppose -n - 55 = -2*n. Let q = n + -7. Calculate the greatest common divisor of q and 12.
12
Let u be 12/(-108) + (-74)/(-18). What is the highest common divisor of u and 512?
4
Let v = -298 - -310. Calculate the highest common factor of 20 and v.
4
Suppose -3*v + 390 = 5*g + 2*v, 0 = 2*g - 4*v - 156. Suppose -23*b + 26 = -22*b. What is the greatest common divisor of g and b?
26
Let a(m) = -119*m + 153. Let q be a(0). What is the greatest common divisor of q and 45?
9
Let c(f) = 104*f + 1. Let s = -56 - -57. Let m be c(s). Let l be (-13 + 1)/(8/(-28)). What is the greatest common factor of l and m?
21
Let b(c) = -5*c + 171. Let j be b(36). Let d = -232 - -135. Let p be 10/45 + d/j. Calculate the highest common factor of p and 11.
11
Let d be -2 + 27/6*2. Let t = -6 + d. What is the greatest common divisor of t and 1?
1
Let g = -47 - -52. Let p(q) = 4*q - 10. Let k be p(g). What is the highest common factor of 110 and k?
10
Suppose -b + h + 282 = 0, 853 = 3*b + 4*h + 28. Calculate the highest common factor of b and 9.
9
Suppose 1044 = 6*y + 972. Suppose 8*k - 5*k - 147 = -3*p, 4*k - 189 = 3*p. What is the greatest common divisor of k and y?
12
Suppose 2*v - v - 6 = 0. Let l be (-1)/3 - (-92)/v. What is the greatest common factor of l and 3?
3
Let j(y) = 200*y + 2 - 202*y + 2. Let p be 105/(-33) + (-4)/(-22). Let t be j(p). What is the greatest common factor of t and 20?
10
Let l = -981 - -997. Calculate the greatest common factor of l and 464.
16
Suppose 6 = 17*h - 14*h. Suppose -h*r + 2 = -10. Calculate the highest common divisor of r and 30.
6
Let m be (81/(-6))/((-2)/4). Suppose 13 + 23 = n - 3*j, -4*j + 29 = n. Let o = n - 15. What is the highest common divisor of m and o?
9
Let k(x) = 4*x**3 - 3*x - 5. Let a be k(4). Let s = 109 - 109. Suppose s = 3*i - a - 223. Calculate the highest common factor of 14 and i.
14
Let p = 7 - -183. Let q = -113 + p. Let u = 22 - 15. Calculate the greatest common factor of u and q.
7
Let m be 0 - (-2 + (-2)/(-1)). Suppose -12*k + 17*k - 50 = m. What is the greatest common divisor of k and 60?
10
Let l(c) = c**2 + 5*c - 10. Let f be l(-7). Suppose 113 + 7 = f*p. Let b be (20/p)/(1/3). What is the greatest common factor of 16 and b?
2
Let g be 10/30*6*1. Suppose 4*f - 2*m = 700, -4*m = -6 - g. What is the highest common divisor of 16 and f?
16
Let h(z) = -z**3 + 7*z**2 + 10*z - 13. Let r be h(8). Let o be 2 - (r/(-3))/(4/20). What is the greatest common factor of o and 21?
7
Let w = -103 + 219. Suppose 2*o - 146 = -4*y, 2*y - 441 = -5*o - w. What is the greatest common divisor of o and 21?
21
Suppose -307*k + 302*k = -375. What is the highest common factor of k and 275?
25
Suppose -45 = -3*k + 2*m, 3*k = -4*m + 4 + 23. Suppose -4*i + k = i - 2*s, -s - 4 = 0. What is the greatest common factor of i and 2?
1
Let x = 99 + 111. Suppose 15*o - x = 12*o. Suppose 0 = -5*l + l + 28. Calculate the highest common factor of l and o.
7
Let l be 584/40 + (-6)/(-15). Suppose n + 2*k - 24 = 0, 2*n + l - 54 = 5*k. Calculate the greatest common factor of 22 and n.
22
Suppose y + s - 39 = -3*s, -y + 36 = s. Let k be ((-192)/8)/(-6)*(-5)/(-4). What is the highest common divisor of k and y?
5
Let q(h) = -h**2 - 7*h. Let g be q(-6). Suppose -15 = -5*b + y + 7, -3*b + 3*y = -g. What is the highest common divisor of b and 25?
5
Suppose 0 = 4*y - 5*p - 114, 4 = 4*p + 12. Let d be (-122 - 2)/(4/(-2)). Suppose f - d = y. Calculate the greatest common factor of 11 and f.
11
Let w = -26 + 31. Suppose 74 = -2*u + 154. What is the greatest common factor of u and w?
5
Let y(s) = -s + 42. Let b be y(21). What is the greatest common factor of 35 and b?
7
Let l be (-1386)/36*(-100)/35. Calculate the greatest common factor of l and 88.
22
Let w = 7 + -7. Suppose w*d - 11 = -d + 3*t, 5*d + 3*t = 1. What is the highest common factor of d and 6?
2
Suppose 0 = 4*b + 4. Let m be 0*(b/(-2) - 0). Suppose -5*q = 3*g - 330, m = -q + 5*g - 4*g + 58. Calculate the highest common factor of q and 7.
7
Let x be 6/5*11*5. Suppose 19 = 5*r - x. What is the greatest common factor of r and 17?
17
Let c(t) = 2*t**2 + 12*t + 40. Let o be c(-5). Calculate the greatest common factor of o and 130.
10
Let c = 984 + -508. Suppose l - c = -6*l. What is the highest common factor of l and 102?
34
Let p = 2632 + -2624. Calculate the highest common divisor of p and 236.
4
Let b = -47 + 81. Suppose -7*r + 204 + b = 0. What is the greatest common divisor of r and 136?
34
Let s = 232 - 212. Calculate the greatest common divisor of s and 390.
10
Let h = 232 + -162. Calculate the greatest common divisor of h and 10.
10
Suppose -6*r + 3*r + 216 = -3*g, 12 = -4*g. What is the highest common divisor of r and 115?
23
Let i(f) = -48*f + 9. Let x(q) = 2*q + 1. Let o(a) = i(a) - 9*x(a). Let y be o(-2). Calculate the greatest common factor of y and 33.
33
Let f be (-27)/((-12)/(-54) + (-26)/36). Calculate the highest common factor of f and 18.
18
Let r be 11 - 9 - 0 - -3. Let w(c) = -c - 2. Let v be w(-7). Calculate the highest common divisor of v and r.
5
Let l = 14 - 14. Let o(q) = q**2 + 9*q - 13. Let g be o(-11). Suppose -4*c + 169 - g = l. What is the greatest common divisor of c and 20?
20
Let h = 81 + -51. What is the greatest common factor of h and 18?
6
Suppose 5*w - 3*z = -4*z + 105, 85 = 3*w + 5*z. Calculate the greatest common divisor of 110 and w.
10
Let k = -614 - -1229. Calculate the greatest common divisor of k and 492.
123
Let l(r) = -16*r - 193. Let n be l(-13). Calculate the highest common divisor of n and 355.
5
Suppose r - 3*z = -12 + 37, 54 = 3*r - 2*z. Suppose 3*k = 6*k - 12. Calculate the highest common factor of k and r.
4
Let u(l) = 15*l*